{"id":193,"date":"2025-09-08T15:41:48","date_gmt":"2025-09-08T13:41:48","guid":{"rendered":"https:\/\/caroline-pons-coaching.com\/?page_id=193"},"modified":"2025-10-17T09:54:38","modified_gmt":"2025-10-17T07:54:38","slug":"services","status":"publish","type":"page","link":"https:\/\/caroline-pons-coaching.com\/index.php\/services\/","title":{"rendered":"SERVICES"},"content":{"rendered":"<p>[et_pb_section fb_built=&#8221;1&#8243; admin_label=&#8221;section&#8221; _builder_version=&#8221;4.16&#8243; global_colors_info=&#8221;{}&#8221;][et_pb_row admin_label=&#8221;row&#8221; _builder_version=&#8221;4.21.2&#8243; background_size=&#8221;initial&#8221; background_position=&#8221;top_left&#8221; background_repeat=&#8221;repeat&#8221; global_colors_info=&#8221;{}&#8221;][et_pb_column type=&#8221;4_4&#8243; _builder_version=&#8221;4.16&#8243; custom_padding=&#8221;|||&#8221; global_colors_info=&#8221;{}&#8221; custom_padding__hover=&#8221;|||&#8221;][et_pb_text _builder_version=&#8221;4.21.2&#8243; _module_preset=&#8221;default&#8221; global_colors_info=&#8221;{}&#8221;]<\/p>\n<h3>Mes offres d&#8217;accompagnement individuel :<\/h3>\n<p>[\/et_pb_text][et_pb_text _builder_version=&#8221;4.21.2&#8243; _module_preset=&#8221;default&#8221; global_colors_info=&#8221;{}&#8221;]<\/p>\n<p>Mes offres de coaching s\u2019adressent \u00e0 celles et ceux qui veulent :<br \/>\u2022\u2060 \u2060Prendre des <strong>d\u00e9cisions align\u00e9es<\/strong><br \/>\u2022\u2060 \u2060D\u00e9velopper leur <strong>leadership<\/strong><br \/>\u2022\u2060 \u2060<strong>Structurer<\/strong> un projet ou une nouvelle \u00e9tape professionnelle<br \/>\u2022\u2060 \u2060Gagner en <strong>clart\u00e9, confiance et efficacit\u00e9<\/strong><\/p>\n<p>D\u00e9couvrez ci-dessous mes deux formats d\u2019accompagnement :<\/p>\n<ul>\n<li><em><strong>\u00c9lan Pro<\/strong> (coaching individuel structurant)<\/em><\/li>\n<li><em>et <strong>Leader Impact<\/strong> (accompagnement premium strat\u00e9gique).<\/em><\/li>\n<\/ul>\n<p>Deux approches diff\u00e9rentes, un m\u00eame engagement : vous aider \u00e0 r\u00e9v\u00e9ler votre potentiel et passer \u00e0 l\u2019action.<\/p>\n<p>&nbsp;<\/p>\n<p>[\/et_pb_text][\/et_pb_column][\/et_pb_row][et_pb_row column_structure=&#8221;1_2,1_2&#8243; _builder_version=&#8221;4.21.2&#8243; _module_preset=&#8221;default&#8221; global_colors_info=&#8221;{}&#8221;][et_pb_column type=&#8221;1_2&#8243; _builder_version=&#8221;4.21.2&#8243; _module_preset=&#8221;default&#8221; global_colors_info=&#8221;{}&#8221;][et_pb_text _builder_version=&#8221;4.21.2&#8243; _module_preset=&#8221;default&#8221; box_shadow_style=&#8221;preset1&#8243; box_shadow_vertical=&#8221;-3px&#8221; box_shadow_blur=&#8221;19px&#8221; box_shadow_spread=&#8221;-6px&#8221; box_shadow_color=&#8221;#E09900&#8243; global_colors_info=&#8221;{}&#8221;]<\/p>\n<p style=\"padding-left: 40px;\"><span style=\"text-decoration: underline; color: #e09500;\"><span style=\"font-size: x-large;\"><strong><\/strong><\/span><\/span><\/p>\n<p style=\"padding-left: 40px;\"><span style=\"text-decoration: underline; color: #e09500;\"><span style=\"font-size: x-large;\"><strong>\ud83c\udfaf \u00c9lan Pro \u2013 Coaching Individuel Structurant<\/strong><\/span><\/span><\/p>\n<p style=\"padding-left: 40px;\"><strong>Reprendre confiance, clarifier ses priorit\u00e9s, passer \u00e0 l\u2019action<\/strong><\/p>\n<p style=\"padding-left: 40px;\">Un accompagnement sur-mesure pour les entrepreneur\u00b7es, managers ou professionnel\u00b7les en transition, qui souhaitent retrouver de la clart\u00e9, booster leur posture professionnelle et avancer avec confiance.<\/p>\n<p style=\"padding-left: 40px;\">Ce que vous allez obtenir :<\/p>\n<p style=\"padding-left: 40px;\">\u2022\u2060 \u2060Une<strong> vision claire de vos objectifs et de vos priorit\u00e9s<\/strong><\/p>\n<p style=\"padding-left: 40px;\">\u2022\u2060 \u2060Une <strong>posture plus affirm\u00e9e et align\u00e9e<\/strong><\/p>\n<p style=\"padding-left: 40px;\">\u2022\u2060 \u2060Un p<strong>lan d\u2019action structur\u00e9 et adapt\u00e9 \u00e0 vos enjeux<\/strong><\/p>\n<p style=\"padding-left: 40px;\">\u2022\u2060 \u2060Des <strong>prises de d\u00e9cision plus fluides et efficaces<\/strong><\/p>\n<p style=\"padding-left: 40px;\">\n<p style=\"padding-left: 40px;\"><span style=\"text-decoration: underline;\">Format<\/span> :<\/p>\n<p style=\"padding-left: 40px;\">\u2022\u2060 \u20606 s\u00e9ances individuelles de 1h30 (sur 3 mois) &#8211; <em>pr\u00e9sentiel (La Rochelle) et\/ou visio<\/em><\/p>\n<p style=\"padding-left: 40px;\">\u2022\u2060 \u2060Exercices personnalis\u00e9s et ressources cibl\u00e9es<\/p>\n<p style=\"padding-left: 40px;\">\u2022\u2060 \u2060Suivi entre les s\u00e9ances<\/p>\n<p style=\"padding-left: 40px;\">\n<p style=\"padding-left: 40px;\"><span style=\"text-decoration: underline;\">Tarif<\/span> : 1 200 \u20ac TTC<\/p>\n<p style=\"padding-left: 40px;\">(Paiement en plusieurs fois possible)<\/p>\n<p style=\"padding-left: 40px;\"><strong>\ud83d\udc49 Id\u00e9al pour : gagner en clart\u00e9, confiance et structure.<\/strong><\/p>\n<p style=\"padding-left: 40px;\"><strong><\/strong><\/p>\n<p style=\"padding-left: 40px;\"><strong><\/strong><\/p>\n<p>[\/et_pb_text][\/et_pb_column][et_pb_column type=&#8221;1_2&#8243; _builder_version=&#8221;4.21.2&#8243; _module_preset=&#8221;default&#8221; global_colors_info=&#8221;{}&#8221;][et_pb_text _builder_version=&#8221;4.21.2&#8243; _module_preset=&#8221;default&#8221; border_color_left=&#8221;#E09900&#8243; border_style_left=&#8221;dotted&#8221; box_shadow_style=&#8221;preset2&#8243; box_shadow_horizontal=&#8221;1px&#8221; box_shadow_vertical=&#8221;2px&#8221; box_shadow_blur=&#8221;6px&#8221; box_shadow_color=&#8221;#E09900&#8243; box_shadow_position=&#8221;inner&#8221; global_colors_info=&#8221;{}&#8221;]<\/p>\n<p style=\"padding-left: 40px;\">\n<p style=\"padding-left: 40px;\"><span style=\"font-size: x-large; color: #e09900;\"><strong>\ud83c\udf1f Leader Impact \u2013 Accompagnement\u00a0 \u00a0Strat\u00e9gique Haut Niveau<\/strong><\/span><\/p>\n<p style=\"padding-left: 40px;\"><strong>\u00a0Prendre sa place, incarner son leadership, d\u00e9ployer son impact<\/strong><\/p>\n<p style=\"padding-left: 40px;\">Un accompagnement premium pour les dirigeant\u00b7es, managers ou entrepreneur\u00b7es exp\u00e9riment\u00e9\u00b7es qui souhaitent affiner leur vision, renforcer leur posture de leader et g\u00e9n\u00e9rer une dynamique collective durable.<\/p>\n<p style=\"padding-left: 40px;\">Vous allez travailler sur :<\/p>\n<p style=\"padding-left: 40px;\">\u2022\u2060 \u2060Votre <strong>vision strat\u00e9gique et votre alignement personnel<\/strong><\/p>\n<p style=\"padding-left: 40px;\">\u2022\u2060 \u2060Votre<strong> posture manag\u00e9riale \/ de leader et vos prises de d\u00e9cisions<\/strong><\/p>\n<p style=\"padding-left: 40px;\">\u2022\u2060 \u2060Votre <strong>communication d\u2019impact et la mobilisation de vos \u00e9quipes<\/strong><\/p>\n<p style=\"padding-left: 40px;\">\u2022\u2060 \u2060Votre capacit\u00e9 \u00e0<strong> tenir le cap sur le long terme<\/strong><\/p>\n<p style=\"padding-left: 40px;\"><span style=\"text-decoration: underline;\">Format<\/span> :<\/p>\n<p style=\"padding-left: 40px;\">\u2022\u2060 \u206010 s\u00e9ances individuelles de 1h30 (sur 6 mois)<\/p>\n<p style=\"padding-left: 40px;\">\u2022\u2060 Du co-d\u00e9veloppement<\/p>\n<p style=\"padding-left: 40px;\">\u2022\u2060 \u2060Ressources avanc\u00e9es + outils personnalis\u00e9s<\/p>\n<p style=\"padding-left: 40px;\">\u2022\u2060 \u2060Suivi r\u00e9gulier par e-mail + 2 appels entre les sessions<\/p>\n<p style=\"padding-left: 40px;\"><span style=\"text-decoration: underline;\">Tarif<\/span> : 3 500 \u20ac TTC<\/p>\n<p style=\"padding-left: 40px;\">(Paiement en plusieurs fois possible)<\/p>\n<p style=\"padding-left: 40px;\"><strong>\ud83d\udc49 Pour les leaders qui veulent conjuguer vision, action et puissance d\u2019impact.<\/strong><\/p>\n<p style=\"padding-left: 40px;\"><strong><\/strong><\/p>\n<p style=\"padding-left: 40px;\"><strong><\/strong><\/p>\n<p>[\/et_pb_text][\/et_pb_column][\/et_pb_row][et_pb_row _builder_version=&#8221;4.21.2&#8243; _module_preset=&#8221;default&#8221; global_colors_info=&#8221;{}&#8221;][et_pb_column type=&#8221;4_4&#8243; _builder_version=&#8221;4.21.2&#8243; _module_preset=&#8221;default&#8221; global_colors_info=&#8221;{}&#8221;][et_pb_button button_url=&#8221;https:\/\/calendly.com\/contact-1hgp\/echange-decouverte?month=2025-09&#8243; button_text=&#8221;Echangeons sur votre besoin &#8211; call gratuit de 30 minutes&#8221; button_alignment=&#8221;center&#8221; _builder_version=&#8221;4.21.2&#8243; _module_preset=&#8221;default&#8221; global_colors_info=&#8221;{}&#8221;][\/et_pb_button][\/et_pb_column][\/et_pb_row][\/et_pb_section]<\/p>\n","protected":false},"excerpt":{"rendered":"<p>Mes offres d&#8217;accompagnement individuel :Mes offres de coaching s\u2019adressent \u00e0 celles et ceux qui veulent :\u2022\u2060 \u2060Prendre des d\u00e9cisions align\u00e9es\u2022\u2060 \u2060D\u00e9velopper leur leadership\u2022\u2060 \u2060Structurer un projet ou une nouvelle \u00e9tape professionnelle\u2022\u2060 \u2060Gagner en clart\u00e9, confiance et efficacit\u00e9 D\u00e9couvrez ci-dessous mes deux formats d\u2019accompagnement : \u00c9lan Pro (coaching individuel structurant) et Leader Impact (accompagnement premium strat\u00e9gique). [&hellip;]<\/p>\n","protected":false},"author":2,"featured_media":0,"parent":0,"menu_order":0,"comment_status":"closed","ping_status":"closed","template":"","meta":{"_et_pb_use_builder":"on","_et_pb_old_content":"","_et_gb_content_width":"","footnotes":""},"class_list":["post-193","page","type-page","status-publish","hentry"],"_links":{"self":[{"href":"https:\/\/caroline-pons-coaching.com\/index.php\/wp-json\/wp\/v2\/pages\/193","targetHints":{"allow":["GET"]}}],"collection":[{"href":"https:\/\/caroline-pons-coaching.com\/index.php\/wp-json\/wp\/v2\/pages"}],"about":[{"href":"https:\/\/caroline-pons-coaching.com\/index.php\/wp-json\/wp\/v2\/types\/page"}],"author":[{"embeddable":true,"href":"https:\/\/caroline-pons-coaching.com\/index.php\/wp-json\/wp\/v2\/users\/2"}],"replies":[{"embeddable":true,"href":"https:\/\/caroline-pons-coaching.com\/index.php\/wp-json\/wp\/v2\/comments?post=193"}],"version-history":[{"count":8,"href":"https:\/\/caroline-pons-coaching.com\/index.php\/wp-json\/wp\/v2\/pages\/193\/revisions"}],"predecessor-version":[{"id":222,"href":"https:\/\/caroline-pons-coaching.com\/index.php\/wp-json\/wp\/v2\/pages\/193\/revisions\/222"}],"wp:attachment":[{"href":"https:\/\/caroline-pons-coaching.com\/index.php\/wp-json\/wp\/v2\/media?parent=193"}],"curies":[{"name":"wp","href":"https:\/\/api.w.org\/{rel}","templated":true}]}}